*n**2 - 8*n + 177. Let v be w(22). Give u(v).
-43
Let s(l) = -5*l**2 + 7*l - 2. Let r(p) = -11*p**2 + 15*p - 4. Let g = -34 - -34. Suppose g*q = -5*q - 20. Let c(d) = q*r(d) + 9*s(d). What is c(3)?
-2
Let k = 6 - 10. Let y(w) = 2*w**2 + 27*w - 261. Let h be y(-20). Let n be 1/4 - 1 - h/k. Let p(f) = 4*f**2 + 2*f + 1. What is p(n)?
3
Let r(q) = q**2 - 8 + 2*q - 2*q - q**3. Suppose 89*c = 151*c + 87*c. Calculate r(c).
-8
Let k(t) = 10*t - 22. Let v(q) = -3*q + 8. Let l = -75 - -68. Let x(h) = l*v(h) - 2*k(h). Determine x(6).
-6
Let d(b) = 24 - 31 - 33 - 9*b - 124. What is d(-17)?
-11
Let r(v) be the second derivative of v**3/6 - 7*v**2 + 2*v. Suppose -284 - 611 = -306*f + 2777. Calculate r(f).
-2
Let j(i) = -15*i**3 - 17*i**2 + 3*i - 42. Let x(v) = -7*v**3 - 8*v**2 + v - 21. Let r(l) = 6*j(l) - 13*x(l). What is r(-3)?
-3
Let o(k) = 2*k. Let l(j) = -23*j - 4. Let n(b) = l(b) + 2*o(b). What is n(-2)?
34
Let h be ((-12)/3 - -4)/3. Suppose h = -11*g + 3*g + 24. Let a(f) = 6*f**2 + 6*f - 3. Let k(n) = -7*n**2 - 7*n + 4. Let u(j) = g*k(j) + 4*a(j). Give u(-2).
6
Let j(v) be the third derivative of v**6/360 - v**5/24 + v**4/8 - 33*v**3/2 + 7*v**2 + 2. Let i(q) be the first derivative of j(q). What is i(6)?
9
Let n(f) = f**2 - 7*f + 4. Let v(m) = m**3 - 18*m**2 + 19*m - 31. Let p be v(17). Suppose 3*k - 2*c = 28, 4*c = p*k - 2*k - 26. What is n(k)?
-2
Let c be (-55)/(-33)*9*1. Let o be (42/(-18))/((-5)/c). Let b(f) = 7*f**3 + 2*f**2 + 3*f - o*f**2 + 0*f**2 - 6*f**3. Calculate b(3).
-9
Let b(a) = -5*a + 6. Let y(l) = l - 1. Let f be (-76)/12 - 1/(-3). Let o(i) = f*b(i) - 33*y(i). Determine o(-2).
3
Let f(m) = -m**3 + 4*m**2 + 14*m - 23. Suppose 229*i - 10 = 234*i, -2*i + 14 = 3*y. Calculate f(y).
-11
Let o(p) = 4*p + 9. Let u(k) = 4*k + 3. Let s(m) = -o(m) + 2*u(m). Give s(6).
21
Let q(t) = -3*t**2 - 14*t + 9. Suppose 338 = -123*u - 400. Determine q(u).
-15
Let n(q) = 3 + 12 - 32 + 11 - q. What is n(13)?
-19
Let c be 4746/105 + (-1 + 3)/(-10). Let y = 47 - c. Let t(i) = -3*i**2 + 4*i - 2. Determine t(y).
-6
Suppose 4*j = 3*z + 3, -5*z = -z - 5*j + 3. Let o(s) = -s**3 - 9*s**2 + 13*s + 32. Let n be o(-10). Let x(m) = -2 - 6*m + 2*m**n - 3*m + 11*m. What is x(z)?
22
Let o(v) = -v**2 + 6*v + 2. Let b be -10*4/(-10) + -34. Let k = b + 30. Suppose 0*r + 5*r - 30 = k. What is o(r)?
2
Let b(k) = -14219*k - 17. Let t(q) = 8887*q + 11. Let m(y) = -5*b(y) - 8*t(y). Suppose 5*c = -4*u - 30, 5*u + 27 = c - 2*c. Calculate m(u).
2
Let n(d) = -8*d - 1. Let z(b) = 2*b**3 + 2*b**2 - 11*b + 6. Let y be z(3). Suppose 0 = -2*w + 17*w + y. Give n(w).
23
Let g be (2/10 + -1)/((-2)/(-5)). Let y be 12/(-16) + 33/12. Let q be y - g - (6 + -5). Let w(j) = -3*j**2 + 3*j - 1. Calculate w(q).
-19
Suppose 17*c = 18*c + 98. Let i = -95 - c. Let w(h) be the second derivative of -h**5/20 + h**4/6 - h**2/2 + 4*h. Determine w(i).
-10
Let g(h) = h**3 + h**2 + h + 5. Let q be (-4)/22 + -3 + 25530/55. Let c = 461 - q. Determine g(c).
5
Let d(s) = -14*s**2 - 17*s - 3. Let h(j) = -19*j**2 - 20*j - 4. Let w(n) = 3*d(n) - 2*h(n). Give w(-4).
-21
Let y(u) = -u + 2. Let k be 3/(-9) + ((-16)/(-3) - 1). Suppose k*w - 346 = -2. Let p = -79 + w. Calculate y(p).
-5
Let j(k) be the second derivative of k**3/2 + k**2 + 9*k. Suppose -6*x = 2*x - 168. Suppose -3*b + x = 4*b. Determine j(b).
11
Let r(z) = -5*z**3 + 88*z**2 + 60*z - 1. Let n(a) = -15*a**2 - 9*a + 1. Let x(t) = -6*n(t) - r(t). What is x(-1)?
-2
Let y(f) = -3*f. Let a(c) = -11*c + 1 - 9 + 22 - 3 + 8. Let d(l) = -a(l) + 4*y(l). Calculate d(-16).
-3
Let x(z) be the first derivative of 19*z**2 - 2056. Let m = -22 - -23. Determine x(m).
38
Let g(r) = -3*r - 101. Let t(o) = o + 36. Let a(n) = -3*g(n) - 8*t(n). What is a(-4)?
11
Let d = -48 - -53. Let h(a) = -6*a + 2. Let z(k) be the third derivative of -k**4/6 + k**3/6 - 8*k**2. Let g(o) = d*h(o) - 7*z(o). Determine g(-3).
9
Let g(f) = f - 15. Let c(s) = -5. Let i(z) = -15*c(z) + 5*g(z). Suppose -193*y + 4 = -315 - 67. Determine i(y).
10
Let o(c) = 15*c + 21*c - 48*c + 24*c + 39. Calculate o(-4).
-9
Let m(c) = -7*c - 15. Let j(g) = 12*g + 14. Let q(l) = -2*j(l) - 5*m(l). Calculate q(-7).
-30
Let h(r) be the second derivative of r**4/12 - r**3/6 - r**2/2 - r. Let s(l) = 6*l + 63. Let w be s(-11). Let i be 2/w*9/6. Calculate h(i).
1
Let b(m) = m - 1. Suppose -5*a + 74 = -0*a - f, 2*a - 35 = -5*f. Let o = 22 - a. Suppose -2*k - 10 = -4*y, o = -5*y + k + 15. Calculate b(y).
0
Let d(j) = 5*j + 44. Let i = -4671 + 4655. What is d(i)?
-36
Let z(t) = -t**2 - 27*t + 7. Let d be z(-27). Suppose 5*g - 2*s + 31 = 0, 2*g + d = -0*g - s. Let f(p) = -p**3 - 4*p**2 + 3*p - 4. Give f(g).
6
Let m(o) = -o**3 + o + 2. Let g(j) = 27*j**3 - j**2 - 2*j + 2. Let y be g(1). Let c = -24 + y. Suppose 0 = -4*d + 4*x - c*x - 18, d - 18 = -4*x. Calculate m(d).
8
Suppose 6*l + 20 = 2. Let n be (-4)/l*(-7 - (-184)/16). Let b(o) be the first derivative of -3*o**2/2 + 6*o - 2. What is b(n)?
-12
Let u(n) = -2*n**3 - n**2 - 2*n + 8. Let d be u(0). Let h = d - 10. Let b(g) = -2*g**2 - 3*g - 4. Calculate b(h).
-6
Suppose l - 6*l - 4*q - 208 = 0, -2*q = 5*l + 204. Let w be 16/l + (-114)/(-10). Suppose -4*b + 5 = -2*j - 3, 5*b = 2*j + w. Let a(k) = -k - 4. What is a(b)?
-7
Let c(t) = -39 - 14*t - 2*t + 4*t - 3*t. Let q(u) = -u - 2. Let h(a) = c(a) - 18*q(a). Let f be (0 + 1)*3/1. Calculate h(f).
6
Let p(z) be the second derivative of -41*z**3/6 - 9*z**2 - 14429*z. Calculate p(-1).
23
Let x(f) be the third derivative of -f**5/60 + 11*f**4/24 + 3*f**3 - 204*f**2. Give x(8).
42
Suppose -3*u = -4*n - 19, 5*u + 4*n = 9*n + 35. Let r(o) = -o**2 + 8*o + 9*o - 6*o + 3 - 2. What is r(u)?
19
Let i(f) be the third derivative of f**5/30 + 7*f**4/24 + 8*f**3/3 + 5*f**2 - 593. Calculate i(-4).
20
Let m(k) = -53*k - 141. Let i(h) = 10*h + 27. Let o(q) = 16*i(q) + 3*m(q). Suppose f + 0*f = -9. Determine o(f).
0
Suppose -288*d - 534 = -294*d. Let x = 93 - d. Let s(p) = -2*p - 2. Give s(x).
-10
Let i(m) = -36*m + 60 - 36*m + 151*m - 39*m - m**2 - 41*m. Calculate i(9).
-30
Let y = -429 - -432. Let p(o) = o**3 - 7*o**3 - 5*o**2 + 6 + 6*o - 5*o**3 + 0*o**3 + 10*o**y. Determine p(-6).
6
Let j(f) = -10*f**3 - f**2 + f - 1. Let t(r) = 7*r - 9. Let p be t(2). Suppose -5*m + p*u - 75 = 0, 0 = m + u + 4*u + 33. Let o be 2/5*(-45)/m. What is j(o)?
-11
Let n(b) = b - 2. Let w = -140 + 66. Let o = 86 + w. Let i = -5 + o. Determine n(i).
5
Let m be 2 + (-2 + 6 - 9). Let v(z) = -4*z**2 - 3*z + 3. Let a(s) = 3*s**2 + 3*s - 3. Let f(i) = m*a(i) - 2*v(i). Determine f(-4).
-1
Let x(t) = -5*t**3 + 34*t**2 - 21*t + 56. Let l(p) = -p**3 + 2*p**2 + 1. Let n(i) = -6*l(i) + x(i). Determine n(-23).
4
Let c(z) = 7*z**2 - 2*z - 3. Suppose 9*x = 610 - 583. Give c(x).
54
Let u(t) = -t**3 - 7*t**2 - 6*t + 2. Suppose 0*m + m = -4*b, 3*b = 4*m + 19. Let s(p) = -1 - 4 + b + 1 - p. Let w be s(3). Calculate u(w).
2
Let x(i) = -i + 7. Suppose -5 = -n + 2. Let t = -350 - -352. Let h be t - (0 - -4 - n). Calculate x(h).
2
Let d(w) = -3*w + 18. Let g be -5 - (36/15)/(9/(-60)). Determine d(g).
-15
Suppose 8*o - 13*o - 120 = 0. Let b = -18 - o. Suppose -b*r = -8*r + 14. Let k(i) = -i**3 + 8*i**2 - 6*i - 9. What is k(r)?
-2
Let y be 5*(2448/20)/6. Let c(l) = 7*l**2 - y*l**3 - 101*l**3 + 5*l + 204*l**3. Give c(-6).
6
Let d be -3*36/27*(-3)/12. Let g(k) = -11*k**3 + k**2 - 2*k. Calculate g(d).
-12
Let i(u) = u**2 + u + 4. Let g = -1279 + 458. Let n = g + 818. Calculate i(n).
10
Suppose -12*z + 10*z = -8. Suppose -z*b - b + 4*f + 33 = 0, 3*b = 5*f + 25. Suppose -b*n = -v + 6, 3*n + 4 = 2*v - 1. Let i(l) = -5*l - 1. Give i(v).
-6
Let k be (3 + 1)/((-6)/717). Let r = k + 476. Let d(q) = q**3 - q**2 - q + 3. What is d(r)?
-7
Let d(f) be the first derivative of 4*f**3/3 + 5*f**2/2 + 2. Suppose 166*q = 5*q - 125*q - 572. What is d(q)?
6
Let k(p) = p**3 - 9*p**2 + 16*p - 10. Suppose -6*c - y = -9*c + 19, y = 4*c - 26. Give k(c).
4
Let b(i) = i**3 - 6*i**2 - 7*i - 18. Let r be b(8). Suppose -63 = -9*x + r. Suppose -x*a + 93 = -11. Let j(f) = f**2 - 8*f + 4. What is j(a)?
4
Let z(m) be the first derivative of m**7/840 - m**6/60 + m**5/24 + m**4/6 - 103*m**3/3 + 68. Let r(w) be the third derivative of z(w). Calculate r(5).
4
Suppose -35*p = 584 - 444. Let o(s) = 2*s**3 + 8*s**2 + 10*s + 6. What is o(p)?